 is the remainder when 2397319 is divided by 1416?
31
What is the remainder when 27283 is divided by 1264?
739
Calculate the remainder when 565995 is divided by 1058.
1023
Calculate the remainder when 43699414 is divided by 299311.
8
Calculate the remainder when 31103 is divided by 30899.
204
Calculate the remainder when 17401087 is divided by 164.
31
Calculate the remainder when 354054 is divided by 638.
602
Calculate the remainder when 150217 is divided by 580.
577
What is the remainder when 7243536 is divided by 855?
831
What is the remainder when 543194 is divided by 218?
156
Calculate the remainder when 8568847 is divided by 46.
13
What is the remainder when 157916730 is divided by 12318?
12288
Calculate the remainder when 42423 is divided by 20756.
911
What is the remainder when 48290 is divided by 1609?
20
Calculate the remainder when 97299949 is divided by 550.
549
What is the remainder when 6753310 is divided by 446?
424
Calculate the remainder when 121990747 is divided by 60995372.
3
Calculate the remainder when 746945 is divided by 13336.
129
What is the remainder when 14977911 is divided by 19?
2
Calculate the remainder when 21802455 is divided by 127.
111
Calculate the remainder when 3001468 is divided by 4440.
28
Calculate the remainder when 1957863 is divided by 644.
103
Calculate the remainder when 519770 is divided by 518984.
786
What is the remainder when 474131 is divided by 18694?
6781
What is the remainder when 89705645 is divided by 33?
29
What is the remainder when 183756 is divided by 1241?
88
What is the remainder when 23347106 is divided by 553?
552
What is the remainder when 10956147 is divided by 49?
41
Calculate the remainder when 757269 is divided by 1079.
890
What is the remainder when 85345 is divided by 11812?
2661
What is the remainder when 858214 is divided by 858100?
114
What is the remainder when 44647 is divided by 7887?
5212
What is the remainder when 5673498 is divided by 875?
873
Calculate the remainder when 33034462 is divided by 662.
0
What is the remainder when 8379203 is divided by 16?
3
What is the remainder when 20573 is divided by 371?
168
Calculate the remainder when 363474 is divided by 3958.
3296
Calculate the remainder when 2376616 is divided by 21032.
0
What is the remainder when 2154713 is divided by 64?
25
Calculate the remainder when 2780092 is divided by 79431.
7
What is the remainder when 115304 is divided by 14401?
96
What is the remainder when 37628 is divided by 17522?
2584
What is the remainder when 266175 is divided by 71?
67
What is the remainder when 11056013 is divided by 16?
13
What is the remainder when 1516447 is divided by 133?
114
What is the remainder when 16656565 is divided by 779?
766
Calculate the remainder when 8789162 is divided by 8443.
8442
Calculate the remainder when 9772 is divided by 3030.
682
Calculate the remainder when 1759368 is divided by 1254.
6
Calculate the remainder when 17548770 is divided by 20.
10
Calculate the remainder when 5421157 is divided by 1068.
1057
What is the remainder when 813743 is divided by 780?
203
Calculate the remainder when 218866 is divided by 7060.
6
Calculate the remainder when 633727 is divided by 19799.
159
What is the remainder when 354104 is divided by 4266?
26
Calculate the remainder when 39943 is divided by 19951.
41
What is the remainder when 482281 is divided by 957?
910
Calculate the remainder when 6070402 is divided by 3.
1
Calculate the remainder when 521845 is divided by 1001.
324
What is the remainder when 5970461 is divided by 9693?
9266
Calculate the remainder when 2550208 is divided by 1014.
1012
What is the remainder when 285647114 is divided by 220?
214
Calculate the remainder when 15562343 is divided by 299.
290
What is the remainder when 35583114 is divided by 29?
27
What is the remainder when 18213 is divided by 8659?
895
Calculate the remainder when 5784066 is divided by 556.
554
What is the remainder when 33257 is divided by 1224?
209
What is the remainder when 15676420 is divided by 71?
46
What is the remainder when 1941125 is divided by 55?
10
Calculate the remainder when 8645107 is divided by 166.
159
Calculate the remainder when 28093478 is divided by 99.
50
What is the remainder when 5257228 is divided by 4189?
33
What is the remainder when 2605361 is divided by 868392?
185
Calculate the remainder when 53101 is divided by 693.
433
Calculate the remainder when 7064145 is divided by 72.
9
What is the remainder when 1191763 is divided by 12?
7
Calculate the remainder when 5750981 is divided by 8169.
5
Calculate the remainder when 168157 is divided by 370.
177
Calculate the remainder when 37482 is divided by 894.
828
Calculate the remainder when 118832 is divided by 58347.
2138
Calculate the remainder when 32703 is divided by 2665.
723
Calculate the remainder when 3937977 is divided by 43.
37
What is the remainder when 372169599 is divided by 21?
18
Calculate the remainder when 7582297 is divided by 244.
241
Calculate the remainder when 21418372 is divided by 641.
639
Calculate the remainder when 75889674 is divided by 60.
54
Calculate the remainder when 8548239 is divided by 949799.
48
Calculate the remainder when 12489106 is divided by 327.
322
What is the remainder when 16438 is divided by 545?
88
What is the remainder when 3105998 is divided by 621196?
18
Calculate the remainder when 3304109 is divided by 2225.
2209
What is the remainder when 8708035 is divided by 20?
15
Calculate the remainder when 100137 is divided by 3335.
87
Calculate the remainder when 287240 is divided by 203.
198
Calculate the remainder when 22363 is divided by 1781.
991
Calculate the remainder when 489832 is divided by 122415.
172
Calculate the remainder when 349674 is divided by 116484.
222
What is the remainder when 246767 is divided by 27398?
185
What is the remainder when 356723 is divided by 1037?
1032
What is the remainder when 347264 is divided by 902?
896
What is the remainder when 36038272 is divided by 499?
492
Calculate the remainder when 4126047 is divided by 54290.
7
Calculate the remainder when 6895767 is divided by 583.
43
Calculate the remainder when 96899962 is divided by 427.
425
What is the remainder when 351268 is divided by 18?
16
What is the remainder when 509608979 is divided by 45?
44
What is the remainder when 1425843 is divided by 1002?
999
What is the remainder when 9568924 is divided by 230?
4
Calculate the remainder when 16453 is divided by 767.
346
Calculate the remainder when 166984698 is divided by 25.
23
What is the remainder when 2370996 is divided by 31603?
771
Calculate the remainder when 806372 is divided by 6251.
6244
What is the remainder when 551718 is divided by 9044?
34
Calculate the remainder when 15103844 is divided by 31.
24
Calculate the remainder when 873284 is divided by 873201.
83
Calculate the remainder when 32713 is divided by 406.
233
What is the remainder when 19581662 is divided by 10167?
20
What is the remainder when 169567 is divided by 230?
57
What is the remainder when 710415 is divided by 9?
0
Calculate the remainder when 142807 is divided by 855.
22
Calculate the remainder when 1307642 is divided by 5968.
650
Calculate the remainder when 11291 is divided by 3654.
329
What is the remainder when 317358 is divided by 309?
15
Calculate the remainder when 277697 is divided by 92505.
182
Calculate the remainder when 2655381 is divided by 476.
253
What is the remainder when 3117576 is divided by 259766?
384
Calculate the remainder when 9602623 is divided by 129765.
13
Calculate the remainder when 429497 is divided by 7955.
7882
What is the remainder when 1524581 is divided by 329?
324
What is the remainder when 30675064 is divided by 148?
140
Calculate the remainder when 61121 is divided by 878.
539
What is the remainder when 136455983 is divided by 27291191?
28
What is the remainder when 1611877 is divided by 907?
138
Calculate the remainder when 4450927 is divided by 1112725.
27
What is the remainder when 3042046 is divided by 46799?
111
Calculate the remainder when 4159450 is divided by 6489.
1
What is the remainder when 837765183 is divided by 8164?
8159
Calculate the remainder when 49242 is divided by 1004.
46
Calculate the remainder when 286136267 is divided by 7